ded by 205.
204
What is the remainder when 1491346 is divided by 211?
209
What is the remainder when 615016 is divided by 43?
30
Calculate the remainder when 226288 is divided by 6.
4
What is the remainder when 41423 is divided by 2300?
23
What is the remainder when 3055 is divided by 47?
0
Calculate the remainder when 12496 is divided by 4163.
7
Calculate the remainder when 107737 is divided by 53849.
39
What is the remainder when 812413 is divided by 123?
121
What is the remainder when 9841 is divided by 66?
7
What is the remainder when 2704 is divided by 467?
369
Calculate the remainder when 11083 is divided by 907.
199
What is the remainder when 53224 is divided by 1662?
40
What is the remainder when 327651 is divided by 782?
775
What is the remainder when 6120 is divided by 3060?
0
Calculate the remainder when 3709 is divided by 1228.
25
Calculate the remainder when 11282 is divided by 83.
77
What is the remainder when 5314 is divided by 1768?
10
Calculate the remainder when 534012 is divided by 21.
3
Calculate the remainder when 25455 is divided by 283.
268
What is the remainder when 337 is divided by 149?
39
Calculate the remainder when 25497 is divided by 85.
82
Calculate the remainder when 34188 is divided by 2135.
28
Calculate the remainder when 2915 is divided by 216.
107
What is the remainder when 2718 is divided by 42?
30
Calculate the remainder when 246080 is divided by 39.
29
What is the remainder when 17093 is divided by 41?
37
Calculate the remainder when 4075 is divided by 1315.
130
What is the remainder when 10226 is divided by 42?
20
Calculate the remainder when 632600 is divided by 7.
3
Calculate the remainder when 156625 is divided by 681.
676
Calculate the remainder when 993 is divided by 767.
226
What is the remainder when 121750 is divided by 21?
13
Calculate the remainder when 14482 is divided by 4736.
274
What is the remainder when 29102 is divided by 29073?
29
Calculate the remainder when 15895 is divided by 7833.
229
What is the remainder when 26207 is divided by 45?
17
What is the remainder when 2040 is divided by 1848?
192
What is the remainder when 480026 is divided by 187?
184
What is the remainder when 1431 is divided by 118?
15
Calculate the remainder when 7118 is divided by 233.
128
Calculate the remainder when 85186 is divided by 16.
2
Calculate the remainder when 690 is divided by 230.
0
Calculate the remainder when 15674 is divided by 1423.
21
What is the remainder when 72368 is divided by 443?
159
What is the remainder when 4432 is divided by 8?
0
Calculate the remainder when 7855 is divided by 560.
15
Calculate the remainder when 693933 is divided by 18.
15
Calculate the remainder when 82762 is divided by 171.
169
Calculate the remainder when 989865 is divided by 197971.
10
Calculate the remainder when 6835 is divided by 624.
595
What is the remainder when 769 is divided by 654?
115
Calculate the remainder when 1948 is divided by 387.
13
What is the remainder when 12214 is divided by 25?
14
What is the remainder when 560913 is divided by 26?
15
Calculate the remainder when 32118 is divided by 8026.
14
Calculate the remainder when 2964 is divided by 1451.
62
Calculate the remainder when 229004 is divided by 9.
8
Calculate the remainder when 218212 is divided by 449.
447
Calculate the remainder when 827 is divided by 31.
21
What is the remainder when 17785 is divided by 890?
875
What is the remainder when 15652 is divided by 15652?
0
What is the remainder when 1134684 is divided by 112?
12
Calculate the remainder when 1466 is divided by 141.
56
Calculate the remainder when 21104 is divided by 1406.
14
Calculate the remainder when 39044 is divided by 95.
94
What is the remainder when 23651 is divided by 23648?
3
What is the remainder when 6561 is divided by 243?
0
Calculate the remainder when 14959 is divided by 114.
25
What is the remainder when 2068 is divided by 948?
172
Calculate the remainder when 6873 is divided by 449.
138
What is the remainder when 3201 is divided by 1067?
0
What is the remainder when 5641685 is divided by 13?
10
What is the remainder when 3589 is divided by 256?
5
What is the remainder when 2832 is divided by 205?
167
Calculate the remainder when 3434 is divided by 111.
104
Calculate the remainder when 81558 is divided by 27182.
12
Calculate the remainder when 1367 is divided by 673.
21
What is the remainder when 4622 is divided by 1521?
59
Calculate the remainder when 781 is divided by 386.
9
Calculate the remainder when 4689 is divided by 292.
17
What is the remainder when 90131 is divided by 173?
171
What is the remainder when 43781 is divided by 654?
617
What is the remainder when 34026 is divided by 16995?
36
What is the remainder when 12074 is divided by 36?
14
What is the remainder when 4722 is divided by 2361?
0
Calculate the remainder when 41482 is divided by 784.
714
What is the remainder when 49906 is divided by 155?
151
Calculate the remainder when 13038 is divided by 8.
6
What is the remainder when 756883 is divided by 1551?
1546
What is the remainder when 32173 is divided by 619?
604
Calculate the remainder when 21838 is divided by 21548.
290
What is the remainder when 567 is divided by 179?
30
What is the remainder when 1414 is divided by 1398?
16
What is the remainder when 19551 is divided by 349?
7
Calculate the remainder when 1074 is divided by 155.
144
What is the remainder when 145851 is divided by 28?
27
Calculate the remainder when 25741 is divided by 41.
34
What is the remainder when 3522831 is divided by 29?
27
Calculate the remainder when 40007 is divided by 430.
17
What is the remainder when 37655 is divided by 72?
71
Calculate the remainder when 78615 is divided by 39274.
67
What is the remainder when 745 is divided by 239?
28
Calculate the remainder when 2070 is divided by 2031.
39
Calculate the remainder when 4654 is divided by 1543.
25
Calculate the remainder when 458554 is divided by 371.
369
Calculate the remainder when 1860831 is divided by 1046.
1043
Calculate the remainder when 12361 is divided by 3090.
1
What is the remainder when 16289 is divided by 603?
8
Calculate the remainder when 168977 is divided by 1673.
4
Calculate the remainder when 779491 is divided by 79.
77
Calculate the remainder when 3530 is divided by 882.
2
Calculate the remainder when 240977 is divided by 397.
395
What is the remainder when 50383 is divided by 67?
66
Calculate the remainder when 2880 is divided by 883.
231
What is the remainder when 142987 is divided by 54?
49
What is the remainder when 16142 is divided by 27?
23
Calculate the remainder when 2392 is divided by 1190.
12
What is the remainder when 71484 is divided by 62?
60
What is the remainder when 276775 is divided by 116?
115
Calculate the remainder when 1175 is divided by 821.
354
What is the remainder when 206237 is divided by 80?
77
What is the remainder when 90129 is divided by 148?
145
Calculate the remainder when 495 is divided by 200.
95
Calculate the remainder when 2025 is divided by 405.
0
What is the remainder when 11266 is divided by 10?
6
Calculate the remainder when 2287 is divided by 186.
55
What is the remainder when 1179116 is divided by 196518?
8
Calculate the remainder when 65278 is divided by 14.
10
What is the remainder when 1626 is divided by 120?
66
What is the remainder when 12018183 is divided by 1051?
1049
What is the remainder when 60118 is divided by 210?
58
What is the remainder when 9020 is divided by 122?
114
What is the remainder when 10568 is divided by 271?
270
Calculate the remainder when 381620 is divided by 310.
10
Calculate the remainder when 7687 is divided by 43.
33
Calculate the remainder when 2683 is divided by 631.
159
What is the remainder when 4755 is divided by 318?
303
Calculate the remainder when 91528 is divided by 81.
79
Calculate the remainder when 101655 is divided by 12.
3
What is the remainder when 3816 is divided by 57?
54
Calculate the remainder when 24208 is divided by 95.
78
Calculate the remainder when 20093 is divided by 16.
13
What is the remainder when 24599 is divided by 883?
758
What is the remainder when 43812 is divided by 115?
112
Calculate the remainder when 29593 is divided by 23.
15
What is the remainder when 23705 is divided by 7870?
9